1383 a prime number?
False
Is 150346661 prime?
False
Is 6326119 a prime number?
True
Is 1518667 a composite number?
True
Is 455977297 prime?
True
Is 195441317 composite?
False
Is 648013 prime?
False
Is 70970369 composite?
False
Is 177766 a composite number?
True
Is 11625305 prime?
False
Is 6846379 composite?
False
Is 865594 a composite number?
True
Is 286927 prime?
True
Is 1230083 composite?
True
Is 3043981 a composite number?
True
Is 10989679 a prime number?
False
Is 896451 a composite number?
True
Is 2821197 a composite number?
True
Is 4095139 prime?
True
Is 147551947 a composite number?
True
Is 7727723 prime?
False
Is 25399927 composite?
True
Is 4340267 composite?
False
Is 2401603 a composite number?
False
Is 2111887 a composite number?
True
Is 2860259 a composite number?
False
Is 17917999 prime?
False
Is 12663806 composite?
True
Is 10827049 prime?
True
Is 15148091 prime?
False
Is 996667 a composite number?
True
Is 23632199 composite?
True
Is 427745281 a prime number?
True
Is 2403979 composite?
True
Is 76990919 a prime number?
True
Is 21143179 a prime number?
True
Is 17390911 a composite number?
True
Is 3074231 a composite number?
True
Is 784717 a prime number?
True
Is 787778357 a composite number?
False
Is 10529401 composite?
True
Is 1023423 composite?
True
Is 95326639 a prime number?
False
Is 36817 prime?
False
Is 220243 a prime number?
True
Is 8023787 a composite number?
False
Is 235703 prime?
False
Is 5028841 a prime number?
True
Is 33018641 prime?
False
Is 389963479 prime?
False
Is 4458295 prime?
False
Is 3865489 a composite number?
True
Is 1159225621 composite?
False
Is 64203065 a composite number?
True
Is 133902143 composite?
False
Is 256799 a composite number?
False
Is 918607 a composite number?
True
Is 6721619 a composite number?
True
Is 96562753 composite?
True
Is 183099689 a prime number?
True
Is 1321103 a prime number?
False
Is 69554617 composite?
True
Is 1864607 composite?
True
Is 168271487 a prime number?
True
Is 419381 composite?
True
Is 1764067 composite?
False
Is 50197859 composite?
True
Is 90208427 composite?
False
Is 866867 a prime number?
False
Is 172426027 composite?
True
Is 8175171 a composite number?
True
Is 2996365 prime?
False
Is 8191783 composite?
False
Is 905329 a prime number?
True
Is 12116587 a composite number?
True
Is 22826399 prime?
True
Is 40341179 a prime number?
False
Is 371177 a prime number?
True
Is 9814433 a prime number?
False
Is 178154213 prime?
False
Is 322192019 a prime number?
True
Is 3056041 a prime number?
True
Is 53044237 a prime number?
True
Is 564827 prime?
True
Is 1957693 a composite number?
False
Is 20730551 composite?
False
Is 68689969 a prime number?
True
Is 7955323 a composite number?
False
Is 6404227 a composite number?
False
Is 28849551 prime?
False
Is 2646599 a composite number?
False
Is 259841459 a prime number?
True
Is 106531 prime?
True
Is 49036267 composite?
True
Is 6865387 prime?
False
Is 3659863 prime?
False
Is 57543253 a prime number?
True
Is 198397 composite?
False
Is 95174221 a prime number?
True
Is 16238177 a prime number?
False
Is 11397329 composite?
True
Is 469457 composite?
False
Is 115987307 prime?
False
Is 864005473 a prime number?
False
Is 34698985 a prime number?
False
Is 15223097 a composite number?
False
Is 14293238 a prime number?
False
Is 359143 prime?
True
Is 3943843 prime?
True
Is 37824973 prime?
True
Is 1895479 a prime number?
True
Is 259003961 prime?
False
Is 266773469 a prime number?
False
Is 1264061 prime?
True
Is 2392853 a composite number?
True
Is 3720199 a prime number?
False
Is 17719033 prime?
True
Is 631447 a prime number?
False
Is 84587689 composite?
True
Is 439368547 a prime number?
True
Is 8571103 prime?
False
Is 117249659 prime?
True
Is 5116967 a prime number?
True
Is 11986259 composite?
True
Is 159624359 a composite number?
False
Is 2744347 a prime number?
True
Is 2012279 composite?
True
Is 12303503 a composite number?
False
Is 60706421 composite?
True
Is 1410486499 composite?
True
Is 99565421 a prime number?
False
Is 27130489 a prime number?
False
Is 1022053 composite?
False
Is 555823 composite?
False
Is 2844421 prime?
True
Is 719629 a composite number?
True
Is 1532287 composite?
False
Is 7786567 a composite number?
False
Is 13518109 prime?
False
Is 1149373 a prime number?
True
Is 186265 a prime number?
False
Is 265451 composite?
False
Is 222773 a composite number?
False
Is 367597 a composite number?
False
Is 129684931 prime?
False
Is 2059763 composite?
False
Is 338318821 prime?
True
Is 8326223 a composite number?
False
Is 316118881 prime?
False
Is 15255745 prime?
False
Is 27992327 a prime number?
False
Is 31544509 a prime number?
True
Is 18509489 prime?
False
Is 293411861 a composite number?
False
Is 23009311 a composite number?
True
Is 28061477 composite?
False
Is 2711077 a composite number?
False
Is 10837873 composite?
False
Is 85564133 composite?
True
Is 17349001 a prime number?
True
Is 76029137 composite?
True
Is 2359487 a prime number?
False
Is 10529767 prime?
True
Is 39544957 composite?
False
Is 14238199 composite?
False
Is 4760491 a composite number?
True
Is 17622881 a composite number?
False
Is 14943409 a prime number?
False
Is 195557737 a composite number?
False
Is 3307369 composite?
True
Is 2749991 prime?
True
Is 1944559 a prime number?
False
Is 13729421 prime?
False
Is 87221683 prime?
False
Is 56413193 a composite number?
False
Is 211560431 composite?
False
Is 17712907 composite?
False
Is 2273537 a composite number?
True
Is 2556629 prime?
False
Is 8517427 a prime number?
False
Is 115444721 composite?
True
Is 16307329 a composite number?
False
Is 2102897 prime?
True
Is 41085457 prime?
False
Is 30403061 composite?
True
Is 734003 a composite number?
False
Is 6230373 prime?
False
Is 2237671 a composite number?
False
Is 201209249 a composite number?
False
Is 292478 composite?
True
Is 9909455 a composite number?
True
Is 1839697 a composite number?
False
Is 8772937 composite?
False
Is 15125029 composite?
True
Is 1556039 a composite number?
False
Is 64359203 prime?
True
Is 104597267 a composite number?
False
Is 141578113 prime?
True
Is 356628623 a composite number?
True
Is 40170799 a composite number?
True
Is 9579511 composite?
False
Is 20125363 composite?
False
Is 2074967 prime?
True
Is 66303629 a composite number?
True
Is 3247927 composite?
True
Is 46971679 prime?
False
Is 214307 composite?
True
Is 609831929 a composite number?
True
Is 749980615 a composite number?
True
Is 8137501 composite?
False
Is 9568627 a composite number?
False
Is 8090819 composite?
True
Is 625429993 prime?
True
Is 2305879 a prime number?
False
Is 82808839 prime?
True
Is 808343 composite?
False
Is 1037377 composite?
True
Is 179816393 composite?
False
Is 6454491 a prime number?
False
Is 4580339 a prime number?
True
Is 7835 a prime number?
False
Is 9027794 composite?
True
Is 467101 prime?
True
Is 18566663 composite?
True
Is 66459751 a prime number?
True
Is 708571 a composite number?
True
Is 549713569 a prime number?
True
Is 334429247 prime?
False
Is 61253783 a prime number?
True
Is 20015563 a composite number?
True
Is 279348709 a prime number?
False
Is 5301523 composite?
True
Is 12722041 a composite number?
False
Is 10267123 a prime number?
False
Is 180133 a composite number?
True
Is 105587 composite?
True
Is 56386279 composite?
False
Is 11367841 composite?
False
Is 7299323 a composite number?
True
Is 21057821 a composite number?
False
Is 20431547 prime?
True
Is 659254 prime?
False
Is 123034829 a composite number?
False
Is 198139 a composite number?
False
Is 5578141 a composite number?
False
Is 775403 prime?
False
Is 35024819 prime?
False
Is 3008063 a composite number?
True
Is 160751729 prime?
True
Is 42057742 a prime number?
False
Is 56273447 prime?
False
Is 156373531 composite?
True
Is 1220239 a prime number?
True
Is 437033 a composite number?
False
Is 2943289 composite?
False
Is 55742549 a composite number?
False
Is 130371869 composite?
True
Is 19005299 prime?
False
Is 217241587 a composite number?
False
Is 108111 a prime number?
False
Is 4098737 prime?
False
Is 559081 prime?
True
Is 140121407 a prime number?
True
Is 287472841 composite?
True
Is 25031 composite?
False
Is 289877587 composite?
False
Is 66640481 a composite number?
False
Is 97577659 a prime number?
F